 4*f = 2*s - 637. Let l = -39 + 62. What is the highest common factor of s and l?
23
Suppose 4*f = 5*h - 1, -5*f = -4*h - f. Let m = 2 - h. Let l = m + 3. Calculate the highest common divisor of l and 2.
2
Suppose 5*b - 5 = -5*y, -2 + 19 = 5*y + b. Suppose s = 4*s - 4*z - 12, 0 = -s + z + y. What is the greatest common divisor of s and 16?
4
Suppose 2*j + 17 = 45. What is the greatest common divisor of 2 and j?
2
Let n = 41 - 25. Suppose 0*o + n = 4*o. Suppose -o*p + 308 = -0*p. What is the highest common factor of 11 and p?
11
Let v(g) = -g**3 - g**2 - g + 27. Let f be v(0). Calculate the highest common divisor of 27 and f.
27
Let p(c) = c**3 + 11*c**2 + 8*c + 2. Let z(s) = 2*s + 10. Let l be z(-9). Let f be p(l). What is the highest common factor of 52 and f?
26
Let c be 0 + -3 + 1 + -6. Let q(v) = 3 + 3*v - 2 - 4*v. Let b be q(c). What is the highest common factor of b and 18?
9
Suppose -5*j + 551 = k, -2*j + 19 + 199 = -2*k. What is the greatest common divisor of 10 and j?
10
Let u be ((-15)/(-2))/((-3)/(-4)). Suppose z = u + 5. Suppose -v = 4*v - z. Calculate the highest common factor of 24 and v.
3
Suppose 0 = -5*h + 4*s + 60, 4*h - 4*s - 64 = -16. Calculate the greatest common divisor of 12 and h.
12
Let f = 60 + -40. What is the greatest common divisor of f and 20?
20
Suppose -3*w = -0*w + 5*l - 77, -4*w + 91 = -5*l. Calculate the highest common divisor of w and 3.
3
Suppose -85 = -a + 59. Suppose 2*g = -g + 3*r + 69, -4*g + 47 = 5*r. What is the highest common divisor of g and a?
18
Let g = -3 - -4. Suppose -5 = -5*v + 4*u - 2*u, 1 = v + 4*u. Let f be 1 - (v - 0 - g). Calculate the greatest common divisor of 9 and f.
1
Suppose 0*o = o - 63. Calculate the highest common factor of o and 9.
9
Suppose -5*f + w + 75 = 0, -3*f = w - 6*w - 45. Calculate the greatest common divisor of f and 10.
5
Suppose 4*q = 6*q - 20. What is the greatest common divisor of 10 and q?
10
Suppose 36 = q + 3*q. Suppose u - q = -0*u. Calculate the greatest common factor of u and 18.
9
Let p(o) be the second derivative of -o**5/20 - o**4/12 - o**3/6 - 8*o. Let w be p(-2). Calculate the highest common divisor of 9 and w.
3
Suppose 0 = 4*o - 2 - 6. Suppose -2*t + 15 = 5*w, 7*w - o*w = -5. Calculate the highest common factor of 110 and t.
10
Let d(k) = k + 7. Let n be -1 + 1/(-2)*-2. Let l be d(n). Calculate the highest common factor of 56 and l.
7
Let h = -3 - -7. Let r be (-5 + 15)*(-5)/1. Let w be (-144)/30*r/h. What is the greatest common divisor of w and 20?
20
Let r(c) = c**2 + 8*c + 4. Let v be r(-6). Let n = v + 15. Calculate the greatest common factor of n and 63.
7
Let m be 99 - 2/6*3. Let w(y) = -y**3 - 4*y**2 - 2*y - 3. Let s be w(-4). Let j be (s - 2)*14/3. What is the highest common factor of m and j?
14
Suppose 0 = 3*p - p - 16. Suppose 0 = -4*j - 3*o - o - p, -5*o = j + 18. What is the highest common divisor of 2 and j?
2
Suppose 1 = 4*z - 19. Suppose -h + z + 59 = 0. Suppose -4*g + h = -0*g. Calculate the greatest common factor of 8 and g.
8
Let j = -92 - -109. What is the greatest common divisor of j and 136?
17
Suppose -3*f = -11 - 1. Suppose 0 = -b - 5 + 13. Let a = b - -2. What is the greatest common factor of f and a?
2
Let a(u) = 8*u**2 + 3*u + 4. Let t be a(4). Calculate the highest common divisor of t and 16.
16
Let g = 83 + 2. Suppose h + 3*h - q = 14, -h + 12 = 4*q. Suppose -b + 54 = 4*o, 2*b - h*o = 6*b - 156. What is the highest common divisor of b and g?
17
Suppose 0 = -5*w + 91 - 21. Let s be (-1)/(3/6*-1). Suppose -4*a = -s*a - w. Calculate the highest common divisor of 56 and a.
7
Suppose -4 = z + z. Let l be 12 + 3*(z - -1). What is the greatest common divisor of l and 3?
3
Let s(u) = u**3 + 5*u**2 - 7. Let n be s(-3). Calculate the highest common divisor of n and 99.
11
Suppose -28 = 4*y - 136. Suppose 2*v = y - 3. Let x = v + 1. Calculate the greatest common factor of x and 26.
13
Let z be (-1)/(6/20)*3. Let q be (-502)/z + (-6)/30. What is the greatest common factor of 10 and q?
10
Let f be (-101)/(-4) - 2/8. Suppose 3*v - 14 - 16 = 0. Calculate the greatest common divisor of v and f.
5
Suppose 37 + 26 = 3*z. What is the greatest common divisor of z and 21?
21
Let h(y) = 10*y - 16. Let x be h(3). Suppose -z + 4*z + 2*a - 420 = 0, -2*z + 5*a + 280 = 0. Calculate the greatest common divisor of x and z.
14
Suppose 5*c - 4*c - 10 = 0. Let u = -29 + 59. Calculate the greatest common divisor of u and c.
10
Let a = -2 - -32. Let n = -51 - -66. Calculate the highest common factor of a and n.
15
Suppose 0 = 2*m - 2*z - 11 - 31, 5*z = -5*m + 65. What is the greatest common factor of 187 and m?
17
Suppose 4*z - z - 24 = 0. Let k = 5 + -8. Let c = 17 - k. Calculate the greatest common factor of c and z.
4
Suppose 0*w - 5*s + 73 = 2*w, 2*s = w - 32. What is the greatest common divisor of w and 17?
17
Let s(m) = -m**3 + 4*m**2 + 5*m + 1. Let g be s(5). Let w be g + 1 + 6/6. What is the highest common factor of w and 33?
3
Let u(c) = -7*c**3 + 2*c**2 - c + 2. Let l be u(2). Let v be ((-30)/(-8))/((-6)/l). Calculate the highest common factor of v and 6.
6
Suppose 2*o = -0*o + 50. Let l = 82 - 77. What is the highest common divisor of l and o?
5
Let m be (96/(-30))/((-2)/15). Calculate the greatest common factor of m and 12.
12
Suppose -59 - 31 = -4*m - 3*d, 0 = -3*m - d + 65. Calculate the greatest common divisor of 105 and m.
21
Let n(l) = -l + 6. Let b = 0 - -18. Let j be 2/(-9) + 58/b. Let f be n(j). Calculate the greatest common factor of f and 3.
3
Let i be (-2)/(-4)*84/(-2). Let u = 37 + i. Calculate the greatest common divisor of 8 and u.
8
Let j = -27 - -127. Let q = -14 + 34. Calculate the highest common factor of q and j.
20
Let z = -6 - -9. Suppose z*s + 36 = 5*s. What is the highest common factor of 162 and s?
18
Suppose 0 = 4*t - 5*a - 43, -t - 3*a = -4*a - 10. Let v = 308 - 231. What is the highest common factor of t and v?
7
Suppose 4*i - 28 = -5*n + 31, -i - 2*n + 14 = 0. Suppose 4*a = 16, 3*u - i = -0*u - a. Let q = 71 + -51. Calculate the greatest common factor of u and q.
4
Let z be (2328/(-97))/(6/8*-2). What is the highest common factor of z and 208?
16
Suppose 4*x - 24 = -4. What is the highest common factor of x and 35?
5
Let q = 338 - 236. Let i be 2/6 - q/(-18). Let b = 12 - 6. What is the greatest common factor of i and b?
6
Suppose 0 = -2*r - r + 51. Calculate the highest common factor of 51 and r.
17
Suppose -5*v + 7 = -8. Calculate the greatest common factor of 27 and v.
3
Let t be (30/7)/(4/168). What is the greatest common divisor of 20 and t?
20
Suppose 14*y - 10*y = 532. Calculate the greatest common divisor of y and 19.
19
Suppose -183 + 63 = -8*u. Calculate the greatest common divisor of 3 and u.
3
Let j(p) = -p**3 - p**2 + p + 2. Let d be j(-4). Let y = -20 + d. What is the greatest common divisor of y and 13?
13
Suppose -i = 5*m, 4*i + 2*m - 36 = -0*m. Calculate the greatest common factor of i and 90.
10
Let c be 2/(-4)*(2 + -12). Suppose 2*u + x - 25 = 0, -c = -u + 5*x + 35. Let r(f) = 23*f - 3. Let v be r(6). Calculate the highest common divisor of v and u.
15
Let o(d) = -d**2 + 2*d. Let r be o(3). Let w(f) = -f**2 - 5*f - 2. Let t be w(r). Calculate the highest common divisor of 12 and t.
4
Suppose 4*g = -4, -3*g - 136 = -4*l + 83. What is the greatest common factor of 36 and l?
18
Suppose 5*a = -3*k + 30, -3*a - a + 5*k + 24 = 0. Let w = 26 - 11. What is the greatest common divisor of w and a?
3
Let q(s) = s**3 + 9*s**2 + 7*s + 4. Let b be q(-4). Let y = b + -28. Calculate the greatest common divisor of 7 and y.
7
Suppose h + 2*h = 2*n - 16, 3 = n + h. Calculate the greatest common divisor of 65 and n.
5
Let l(v) = 33*v - 1. Let f be l(1). Let x be 6 + (-1)/(4/8). Calculate the highest common factor of x and f.
4
Let r = 3 + 14. Let u = 11 + r. Let s(y) = y**2 - 3*y + 3. Let v be s(4). What is the greatest common divisor of u and v?
7
Let x = 2 + 2. Suppose -3*f - 9 = 0, -3*c = -0*c + x*f + 12. Suppose c = 3*u - 8*u + 175. What is the greatest common divisor of 14 and u?
7
Suppose h + 2*h + 43 = -4*x, x + 3*h + 22 = 0. Let t = x + 13. What is the highest common divisor of t and 6?
6
Suppose -15*u + 110 = -4*u. Let l be 1*(0 - 2 - -27). What is the greatest common divisor of u and l?
5
Let g = 161 + -